{"id":79982,"date":"2018-07-23T14:29:03","date_gmt":"2018-07-23T13:29:03","guid":{"rendered":"http:\/\/www.slatina.hr\/?page_id=79982"},"modified":"2019-03-10T23:16:11","modified_gmt":"2019-03-10T22:16:11","slug":"primanje-prijava-o-napustenim-i-izgubljenim-zivotinjama-s-podrucja-grada-slatine","status":"publish","type":"page","link":"https:\/\/www.slatina.hr\/portal\/primanje-prijava-o-napustenim-i-izgubljenim-zivotinjama-s-podrucja-grada-slatine\/","title":{"rendered":"Primanje prijava o napu\u0161tenim i izgubljenim \u017eivotinjama s podru\u010dja Grada Slatine"},"content":{"rendered":"","protected":false},"excerpt":{"rendered":"","protected":false},"author":1,"featured_media":0,"parent":0,"menu_order":0,"comment_status":"closed","ping_status":"closed","template":"","meta":{"ngg_post_thumbnail":0,"footnotes":""},"class_list":["post-79982","page","type-page","status-publish","hentry"],"_links":{"self":[{"href":"https:\/\/www.slatina.hr\/portal\/wp-json\/wp\/v2\/pages\/79982","targetHints":{"allow":["GET"]}}],"collection":[{"href":"https:\/\/www.slatina.hr\/portal\/wp-json\/wp\/v2\/pages"}],"about":[{"href":"https:\/\/www.slatina.hr\/portal\/wp-json\/wp\/v2\/types\/page"}],"author":[{"embeddable":true,"href":"https:\/\/www.slatina.hr\/portal\/wp-json\/wp\/v2\/users\/1"}],"replies":[{"embeddable":true,"href":"https:\/\/www.slatina.hr\/portal\/wp-json\/wp\/v2\/comments?post=79982"}],"version-history":[{"count":2,"href":"https:\/\/www.slatina.hr\/portal\/wp-json\/wp\/v2\/pages\/79982\/revisions"}],"predecessor-version":[{"id":90904,"href":"https:\/\/www.slatina.hr\/portal\/wp-json\/wp\/v2\/pages\/79982\/revisions\/90904"}],"wp:attachment":[{"href":"https:\/\/www.slatina.hr\/portal\/wp-json\/wp\/v2\/media?parent=79982"}],"curies":[{"name":"wp","href":"https:\/\/api.w.org\/{rel}","templated":true}]}}