{"id":66252,"date":"2017-09-20T08:07:57","date_gmt":"2017-09-20T07:07:57","guid":{"rendered":"http:\/\/www.slatina.hr\/?page_id=66252"},"modified":"2019-03-27T12:09:33","modified_gmt":"2019-03-27T11:09:33","slug":"grad-prijatelj-djece","status":"publish","type":"page","link":"https:\/\/www.slatina.hr\/portal\/grad-prijatelj-djece\/","title":{"rendered":"Grad prijatelj djece"},"content":{"rendered":"<p style=\"text-align: left;\"><a href=\"https:\/\/www.slatina.hr\/portal\/wp-content\/uploads\/2019\/03\/prijatelj-djece.jpg\"><img loading=\"lazy\" decoding=\"async\" class=\"aligncenter size-full wp-image-91292\" src=\"https:\/\/www.slatina.hr\/portal\/wp-content\/uploads\/2019\/03\/prijatelj-djece.jpg\" alt=\"\" width=\"732\" height=\"188\" srcset=\"https:\/\/www.slatina.hr\/portal\/wp-content\/uploads\/2019\/03\/prijatelj-djece.jpg 732w, https:\/\/www.slatina.hr\/portal\/wp-content\/uploads\/2019\/03\/prijatelj-djece-260x67.jpg 260w, https:\/\/www.slatina.hr\/portal\/wp-content\/uploads\/2019\/03\/prijatelj-djece-50x13.jpg 50w, https:\/\/www.slatina.hr\/portal\/wp-content\/uploads\/2019\/03\/prijatelj-djece-150x39.jpg 150w, https:\/\/www.slatina.hr\/portal\/wp-content\/uploads\/2019\/03\/prijatelj-djece-620x159.jpg 620w\" sizes=\"auto, (max-width:767px) 480px, 732px\" \/><\/a>&nbsp;<\/p>\n<p style=\"text-align: left;\">Akciju \u201cGradovi i op\u0107ine \u2013 prijatelji djece\u201c su pokrenuli Savez dru\u0161tava \u201cNa\u0161a djeca\u201c Hrvatske i Hrvatsko dru\u0161tvo za preventivnu i socijalnu pedijatriju 1999. godine, a povodom desete godi\u0161njice usvajanja Konvencije o pravima djeteta UN-a sa ciljem motiviranja i stimuliranja odraslih da zajedni\u010dki i uskla\u0111eno osiguraju potpunije ostvarivanje prava i potreba djece priznatih u Konvenciji.<\/p>\n<p>Organizatori Akcije gradovi i op\u0107ine prijatelji djece su Savez dru\u0161tava Na\u0161a djeca Hrvatske i Hrvatsko dru\u0161tvo za preventivnu i socijalnu pedijatriju. Pokrovitelj Akcije je Unicef &#8211; Ured za Hrvatsku. Akciju podr\u017eavaju Dr\u017eavni zavod za za\u0161titu obitelji, materinstva i mlade\u017ei te Savez Udruge gradova i Udruge op\u0107ina Republike Hrvatske.<\/p>\n<p>Akcijom lokalne zajednice ostvaruju dje\u010dja prava iz Konvencije UN-a. Gradovi \/ op\u0107ine, kad zadovolje kriterije iz programa, stje\u010du po\u010dasni naziv \u201eGrad\/Op\u0107ina \u2013 prijatelj djece\u201c. Trenutno je u Akciju uklju\u010deno 113 gradova\/op\u0107ina (rujan 2017.), a po\u010dasni naziv su dostigli 62 grada i op\u0107ine, s trendom rasta. Akcija poti\u010de lokalne zajednice da ula\u017eu u usluge za djecu, sigurno i zdravo okru\u017eenje, zdravlje, obrazovanje, kulturu, sport, slobodno vrijeme djece te daju podr\u0161ku roditeljima u odgoju djeca.<\/p>\n<p>Grad Slatina se dobrovoljno uklju\u010dio u Akciju u o\u017eujku 2017. godine.<\/p>\n<p>\u201e<strong>Cilj Akcije je motivirati tijela lokalne uprave i samouprave, stru\u010dne slu\u017ebe, ustanove za djecu, pravne subjekte, udruge gra\u0111ana te roditelje i djecu u lokalnim zajednicama da potpunije i br\u017ee ostvaruju prava i potrebe djece, priznata u Konvenciji UN-a o pravima djeteta koja obvezuje sve odrasle da \u010dine \u0161to najvi\u0161e mogu kako bi se svako dijete potpuno i skladno razvijalo i pripremilo za \u017eivot i korisno djelovanje u zajednici.<\/strong><\/p>\n<p>Gradovi i op\u0107ine \u2013 prijatelji djece su sredine koje sustavno brinu o za\u0161titi djece i njihovim pravima i potrebama. Imati status grada ili op\u0107ine \u2013 prijatelja djece donosi svojevrstan ugled zajednici da skrbi za potrebe svojih najmla\u0111ih sugra\u0111ana i uva\u017eava mi\u0161ljenje djece. Postizanjem ovog uglednog naziva, nisu ostvareni svi ciljevi najvi\u0161e skrbi za djecu, a time ni krajnji cilj ovog programa. Naprotiv, postignuti naziv obvezuje lokalne zajednice da i dalje pove\u0107avaju standarde dobrog socijalnog, gospodarskog, zdravog, ekolo\u0161kog, obrazovnog i kulturnog mjesta za \u017eivot sve djece, stvaraju\u0107i dugoro\u010dno sigurno i poticajno okru\u017eenje za rast i razvoj djeteta.<\/p>\n<p><strong>Program Akcije obuhva\u0107a sva podru\u010dja \u017eivota djeteta u lokalnoj zajednici<\/strong>&nbsp;te afirmira holisti\u010dki pristup cjelokupne zajednice usmjerene na dobrobit djece, stvaraju\u0107i sigurno i poticajno okru\u017eje za djecu. Tako je hrvatski program razra\u0111en putem 123 zahtjeva u 10 podru\u010dja va\u017enih za \u017eivot djece:<\/p>\n<ol>\n<li>Programiranje i planiranje za djecu,<\/li>\n<li>Financijska sredstva za djecu,<\/li>\n<li>Podr\u0161ka i potpora udrugama za djecu,<\/li>\n<li>Dijete u sigurnom i zdravom gradu,<\/li>\n<li>Zdravlje djece,<\/li>\n<li>Odgoj i obrazovanje djece,<\/li>\n<li>Socijalna skrb za djecu,<\/li>\n<li>Kultura i \u0161port za djecu,<\/li>\n<li>Slobodno vrijeme i rekreacija za djecu i<\/li>\n<li>Podr\u0161ka i pomo\u0107 roditeljima u skrbi i odgoju djece.\u201c<\/li>\n<\/ol>\n<p>Akcija se provodi na na\u010din da se poti\u010de me\u0111usektorska suradnja u lokalnim zajednicama u korist djece, ocjenjuju postignuti rezultati, medijski prati i informira o tome \u0161iru javnost te dodjeljuju javna dru\u0161tvena priznanja u obliku postavljanja velike natpisne plo\u010de na ulazima u gradove\/op\u0107ine koji\/e ispune propisane programske zahtjeve i dostignu status \u201egrad\/op\u0107ina&nbsp; \u2013 prijatelj djece\u201c.<\/p>\n<p>U okviru programa va\u017eno mjesto ima aktivno sudjelovanje djece u lokalnoj zajednici. Zbog svojeg zna\u010daja u ostvarivanju nacionalnih mjera djelovanja za djecu u Hrvatskoj, ova je Akcija uvr\u0161tena u Nacionalni plan aktivnosti za prava i interese djecu za razdoblje, a Sredi\u0161nji koordinacijskih odbor se uklju\u010dio i u rad Mre\u017ee europskih gradova prijatelja djece (EN CFC).<\/p>\n<p>Ne bi li osigurali odgovornost i sudjelovanje svih institucija odgovornih za \u017eivot djece u Gradu Slatini u Koordinacijskom odboru Akcije &#8220;Grad Slatina prijatelj djece&#8221; su uklju\u010deni predstavnici sljede\u0107ih institucija:<\/p>\n<ul>\n<li>Grada Slatine<\/li>\n<li>Dru\u0161tvo \u201eNa\u0161a djeca\u201c Slatina<\/li>\n<li>Dje\u010dji vrti\u0107 Zeko<\/li>\n<li>Dje\u010dji vrti\u0107 Suncokret<\/li>\n<li>Osnovna \u0161kola Eugena Kumi\u010di\u0107a Slatina<\/li>\n<li>Osnovna \u0161kola Josipa Kozarca Slatina<\/li>\n<li>Srednja \u0161kola Marka Maruli\u0107a Slatina<\/li>\n<li>Industrijsko-obrtni\u010dka \u0161kola Slatina<\/li>\n<li>Osnovna glazbena \u0161kola Slatina<\/li>\n<li>Pu\u010dko otvoreno u\u010dili\u0161te Slatina<\/li>\n<li>Centar za socijalnu skrb Slatina<\/li>\n<li>Dom zdravlja Viroviti\u010dko-podravske \u017eupanije<\/li>\n<li>Hrvatski crveni kri\u017e, Gradsko dru\u0161tvo Slatina<\/li>\n<li>Udruga PRO VITA+<\/li>\n<li>Viroviti\u010dko-podravska \u017eupanija<\/li>\n<li>Ministarstvo unutarnjih poslova \u2013 policijska postaja Slatina<\/li>\n<li>Savjet mladih Grada Slatine<\/li>\n<li>Udruga osoba s invaliditetom<\/li>\n<li>Zavod za javno zdravstvo Viroviti\u010dko-podravske \u017eupanije<\/li>\n<li>Savez \u0161portskih udruga Grada Slatine<\/li>\n<\/ul>\n","protected":false},"excerpt":{"rendered":"<p>&nbsp; Akciju \u201cGradovi i op\u0107ine \u2013 prijatelji djece\u201c su pokrenuli Savez dru\u0161tava \u201cNa\u0161a djeca\u201c Hrvatske i Hrvatsko dru\u0161tvo za preventivnu i socijalnu pedijatriju 1999. godine,<span class=\"excerpt-hellip\"> [\u2026]<\/span><\/p>\n","protected":false},"author":1,"featured_media":66254,"parent":0,"menu_order":0,"comment_status":"closed","ping_status":"closed","template":"","meta":{"ngg_post_thumbnail":0,"footnotes":""},"class_list":["post-66252","page","type-page","status-publish","has-post-thumbnail","hentry"],"_links":{"self":[{"href":"https:\/\/www.slatina.hr\/portal\/wp-json\/wp\/v2\/pages\/66252","targetHints":{"allow":["GET"]}}],"collection":[{"href":"https:\/\/www.slatina.hr\/portal\/wp-json\/wp\/v2\/pages"}],"about":[{"href":"https:\/\/www.slatina.hr\/portal\/wp-json\/wp\/v2\/types\/page"}],"author":[{"embeddable":true,"href":"https:\/\/www.slatina.hr\/portal\/wp-json\/wp\/v2\/users\/1"}],"replies":[{"embeddable":true,"href":"https:\/\/www.slatina.hr\/portal\/wp-json\/wp\/v2\/comments?post=66252"}],"version-history":[{"count":2,"href":"https:\/\/www.slatina.hr\/portal\/wp-json\/wp\/v2\/pages\/66252\/revisions"}],"predecessor-version":[{"id":91293,"href":"https:\/\/www.slatina.hr\/portal\/wp-json\/wp\/v2\/pages\/66252\/revisions\/91293"}],"wp:featuredmedia":[{"embeddable":true,"href":"https:\/\/www.slatina.hr\/portal\/wp-json\/wp\/v2\/media\/66254"}],"wp:attachment":[{"href":"https:\/\/www.slatina.hr\/portal\/wp-json\/wp\/v2\/media?parent=66252"}],"curies":[{"name":"wp","href":"https:\/\/api.w.org\/{rel}","templated":true}]}}