{"id":4647,"date":"2018-12-15T20:23:05","date_gmt":"2018-12-15T20:23:05","guid":{"rendered":"http:\/\/www.slatina.hr\/portal\/?page_id=4647"},"modified":"2025-11-04T08:30:44","modified_gmt":"2025-11-04T07:30:44","slug":"pucko-otvoreno-uciliste-slatina","status":"publish","type":"page","link":"https:\/\/www.slatina.hr\/portal\/gradske-tvrtke-i-ustanove\/pucko-otvoreno-uciliste-slatina\/","title":{"rendered":"Pu\u010dko otvoreno u\u010dili\u0161te Slatina"},"content":{"rendered":"","protected":false},"excerpt":{"rendered":"","protected":false},"author":1,"featured_media":-1,"parent":4520,"menu_order":10,"comment_status":"closed","ping_status":"closed","template":"","meta":{"ngg_post_thumbnail":0,"footnotes":""},"class_list":["post-4647","page","type-page","status-publish","has-post-thumbnail","hentry"],"_links":{"self":[{"href":"https:\/\/www.slatina.hr\/portal\/wp-json\/wp\/v2\/pages\/4647","targetHints":{"allow":["GET"]}}],"collection":[{"href":"https:\/\/www.slatina.hr\/portal\/wp-json\/wp\/v2\/pages"}],"about":[{"href":"https:\/\/www.slatina.hr\/portal\/wp-json\/wp\/v2\/types\/page"}],"author":[{"embeddable":true,"href":"https:\/\/www.slatina.hr\/portal\/wp-json\/wp\/v2\/users\/1"}],"replies":[{"embeddable":true,"href":"https:\/\/www.slatina.hr\/portal\/wp-json\/wp\/v2\/comments?post=4647"}],"version-history":[{"count":1,"href":"https:\/\/www.slatina.hr\/portal\/wp-json\/wp\/v2\/pages\/4647\/revisions"}],"predecessor-version":[{"id":4649,"href":"https:\/\/www.slatina.hr\/portal\/wp-json\/wp\/v2\/pages\/4647\/revisions\/4649"}],"up":[{"embeddable":true,"href":"https:\/\/www.slatina.hr\/portal\/wp-json\/wp\/v2\/pages\/4520"}],"wp:featuredmedia":[{"embeddable":true,"href":"https:\/\/www.slatina.hr\/portal\/wp-json\/"}],"wp:attachment":[{"href":"https:\/\/www.slatina.hr\/portal\/wp-json\/wp\/v2\/media?parent=4647"}],"curies":[{"name":"wp","href":"https:\/\/api.w.org\/{rel}","templated":true}]}}