{"id":4638,"date":"2018-12-15T20:21:51","date_gmt":"2018-12-15T20:21:51","guid":{"rendered":"http:\/\/www.slatina.hr\/portal\/?page_id=4638"},"modified":"2025-11-27T11:46:33","modified_gmt":"2025-11-27T10:46:33","slug":"gradska-knjiznica-viktora-zmegaca-slatina","status":"publish","type":"page","link":"https:\/\/www.slatina.hr\/portal\/gradske-tvrtke-i-ustanove\/gradska-knjiznica-viktora-zmegaca-slatina\/","title":{"rendered":"Gradska knji\u017enica Viktora \u017dmega\u010da Slatina"},"content":{"rendered":"","protected":false},"excerpt":{"rendered":"","protected":false},"author":1,"featured_media":-1,"parent":4520,"menu_order":6,"comment_status":"closed","ping_status":"closed","template":"","meta":{"ngg_post_thumbnail":0,"footnotes":""},"class_list":["post-4638","page","type-page","status-publish","has-post-thumbnail","hentry"],"_links":{"self":[{"href":"https:\/\/www.slatina.hr\/portal\/wp-json\/wp\/v2\/pages\/4638","targetHints":{"allow":["GET"]}}],"collection":[{"href":"https:\/\/www.slatina.hr\/portal\/wp-json\/wp\/v2\/pages"}],"about":[{"href":"https:\/\/www.slatina.hr\/portal\/wp-json\/wp\/v2\/types\/page"}],"author":[{"embeddable":true,"href":"https:\/\/www.slatina.hr\/portal\/wp-json\/wp\/v2\/users\/1"}],"replies":[{"embeddable":true,"href":"https:\/\/www.slatina.hr\/portal\/wp-json\/wp\/v2\/comments?post=4638"}],"version-history":[{"count":2,"href":"https:\/\/www.slatina.hr\/portal\/wp-json\/wp\/v2\/pages\/4638\/revisions"}],"predecessor-version":[{"id":124842,"href":"https:\/\/www.slatina.hr\/portal\/wp-json\/wp\/v2\/pages\/4638\/revisions\/124842"}],"up":[{"embeddable":true,"href":"https:\/\/www.slatina.hr\/portal\/wp-json\/wp\/v2\/pages\/4520"}],"wp:featuredmedia":[{"embeddable":true,"href":"https:\/\/www.slatina.hr\/portal\/wp-json\/"}],"wp:attachment":[{"href":"https:\/\/www.slatina.hr\/portal\/wp-json\/wp\/v2\/media?parent=4638"}],"curies":[{"name":"wp","href":"https:\/\/api.w.org\/{rel}","templated":true}]}}