{"id":1817,"date":"2013-04-20T23:57:47","date_gmt":"2013-04-20T21:57:47","guid":{"rendered":"http:\/\/www.slatina.hr\/?page_id=1817"},"modified":"2013-04-20T23:57:47","modified_gmt":"2013-04-20T21:57:47","slug":"javne-ustanove","status":"publish","type":"page","link":"https:\/\/www.slatina.hr\/portal\/javne-ustanove\/","title":{"rendered":"Javne ustanove"},"content":{"rendered":"<h2>DOM ZDRAVLJA VIROVITI\u010cKO-PODRAVSKE \u017dUPANIJE<\/h2>\n<p style=\"text-align: justify;\"><a href=\"http:\/\/www.slatina.hr\/wp-content\/uploads\/2013\/04\/dom_zdravlja.jpg\"><img loading=\"lazy\" decoding=\"async\" class=\"size-full wp-image-1819 alignleft\" alt=\"dom_zdravlja\" src=\"http:\/\/www.slatina.hr\/wp-content\/uploads\/2013\/04\/dom_zdravlja.jpg\" width=\"296\" height=\"185\" srcset=\"https:\/\/www.slatina.hr\/portal\/wp-content\/uploads\/2013\/04\/dom_zdravlja.jpg 296w, https:\/\/www.slatina.hr\/portal\/wp-content\/uploads\/2013\/04\/dom_zdravlja-234x146.jpg 234w, https:\/\/www.slatina.hr\/portal\/wp-content\/uploads\/2013\/04\/dom_zdravlja-50x31.jpg 50w, https:\/\/www.slatina.hr\/portal\/wp-content\/uploads\/2013\/04\/dom_zdravlja-120x75.jpg 120w\" sizes=\"auto, (max-width:767px) 296px, 296px\" \/><\/a>Dom zdravlja Viroviti\u010dko-podravske \u017eupanije ima sjedi\u0161te u Virovitici, Ljudevita Gaja 21, a osniva\u010d Doma zdravlja je Viroviti\u010dko-podravska \u017eupanija. Pri Domu zdravlja, osim Ispostava u Pitoma\u010di, Virovitici i Orahovici, djeluje i Ispostava u Slatini na adresi Trg bana J. Jela\u010di\u0107a 33 u okviru tri objekta ukupne povr\u0161ine 4.500 m\u00b2. Osim ovih objekata, u okviru Doma zdravlja, djeluju i \u010detiri objekta privatnih lije\u010dnika; dvije stomatolo\u0161ke ordinacije te dvije ordinacije obiteljskih lije\u010dnika. Tako\u0111er djeluje i privatna poliklinika.<br \/>\nU okviru Doma zdravlja djeluje i medicinsko biokemijski laboratorij i RTG kabinet.<br \/>\nBroj zdravstvenih djelatnika je sljede\u0107i: 14 lije\u010dnika primarne zdravstvene za\u0161tite, 4 lije\u010dnika specijalista, 4 lije\u010dnika specijalista koji dolaze \u010detiri puta mjese\u010dno. Ima 6 stomatologa, 3 vi\u0161e medicinske sestre i 30 srednjih medicinskih sestara.<br \/>\nU okviru Doma zdravlja za podru\u010dje grada Slatine ugovorena su kao hitna medicinska pomo\u0107 dva de\u017eurstva, ali u stvarnosti djeluje prava hitna s pet timova.<br \/>\nNa podru\u010dju grada Slatine ima 14.700 osiguranika.<\/p>\n<h3>ZAVOD ZA JAVNO ZDRAVSTVO \u00abSVETI ROK\u00bb\u00a0 VIROVITI\u010cKO-PODRAVSKE \u017dUPANIJE<\/h3>\n<p style=\"text-align: justify;\">Zavod je osnovan Odlukom \u017dupanijskog poglavarstva Viroviti\u010dko &#8211; podravske \u017eupanije 28. listopada 1994.godine. Osniva\u010d Zavoda je Viroviti\u010dko- podravska \u017eupanija, a prava i du\u017enosti obavlja Poglavarstvo Viroviti\u010dko-podravske \u017eupanije. Zavod zastupa i predstavlja ravnatelj, a Zavodom upravlja Upravno vije\u0107e koje broji 5 \u010dlanova.<br \/>\nRadi obavljanja zdravstvene djelatnosti u Zavodu postoje sljede\u0107e organizacijske cjeline:<\/p>\n<p>1. Djelatnost za socijalnu medicinu s Centrom za prevenciju i suzbijanje ovisnosti<br \/>\n2. Djelatnost za epidemiologiju i DDD<br \/>\n3. Djelatnost za mikrobiologiju<br \/>\n4. Djelatnost za zdravstvenu ekologiju<br \/>\n5. Djelatnost za \u0161kolsku medicinu<br \/>\n6. Administrativno-tehni\u010dka djelatnost.<\/p>\n<p style=\"text-align: justify;\">Pri Zavodu, osim Ispostava u Pitoma\u010di i Orahovici, djeluje i Ispostava u Slatini na adresi Trg bana J. Jela\u010di\u0107a 33. U Ispostavi u Slatini postoje sljede\u0107e organizacijske cjeline: Djelatnost za socijalnu medicinu s Centrom za prevenciju i suzbijanje ovisnosti, djelatnost za epidemiologiju i DDD te djelatnost za \u0161kolsku disciplinu, a ima 6 stalno zaposlenih djelatnika i 4 vanjska suradnika.<\/p>\n<h2>CENTAR ZA PREVENCIJU I SUZBIJANJE OVISNOSTI<\/h2>\n<p style=\"text-align: justify;\"><a href=\"http:\/\/www.slatina.hr\/wp-content\/uploads\/2013\/04\/radionica.jpg\"><img loading=\"lazy\" decoding=\"async\" class=\"wp-image-1820 alignleft\" alt=\"radionica\" src=\"http:\/\/www.slatina.hr\/wp-content\/uploads\/2013\/04\/radionica.jpg\" width=\"277\" height=\"200\" srcset=\"https:\/\/www.slatina.hr\/portal\/wp-content\/uploads\/2013\/04\/radionica.jpg 395w, https:\/\/www.slatina.hr\/portal\/wp-content\/uploads\/2013\/04\/radionica-300x217.jpg 300w, https:\/\/www.slatina.hr\/portal\/wp-content\/uploads\/2013\/04\/radionica-202x146.jpg 202w, https:\/\/www.slatina.hr\/portal\/wp-content\/uploads\/2013\/04\/radionica-50x36.jpg 50w, https:\/\/www.slatina.hr\/portal\/wp-content\/uploads\/2013\/04\/radionica-104x75.jpg 104w\" sizes=\"auto, (max-width:767px) 277px, 277px\" \/><\/a>Centar za prevenciju i suzbijanje ovisnosti osnovao je Zavod za javno zdravstvo \u201cSveti Rok\u201d na prijedlog \u017eupanijskog Povjerenstva za suzbijanje ovisnosti, a uz prethodnu suglasnost i odobrenje Upravnog vije\u0107a Zavoda. Centar je zapo\u010deo s radom u mjesecu travnju 2000. godine u Virovitici, a potom u listopadu iste godine i u Slatini.<br \/>\nCentar je nakon stupanja na snagu Zakona o izmjenama i dopunama Zakona o suzbijanju zlouporabe opojnih droga iz 2003. godine Odlukom Upravnog vije\u0107a Zavoda za javno zdravstvo od 14. studenoga 2003. godine postao sastavni dio Zavoda u okviru Djelatnosti za socijalnu medicinu.<br \/>\nCentar svoju djelatnost obavlja u prostorijama Zavoda. Za sada se rad provodi u vidu de\u017eurstava stru\u010dnih i educiranih osoba (lije\u010dnika, psihologa i pedagoga) u odre\u0111enim terminima, kada je mogu\u0107e do\u0107i po informaciju i pomo\u0107 za nekog poznatog, ili pak nazvati telefonom i na taj na\u010din potra\u017eiti savjet. U Centru u Slatini rade \u010detiri stru\u010dne osobe.<\/p>\n<h2>CENTAR ZA SOCIJALNU SKRB SLATINA<\/h2>\n<p style=\"text-align: justify;\"><a href=\"http:\/\/www.slatina.hr\/wp-content\/uploads\/2013\/04\/socijalni.jpg\"><img loading=\"lazy\" decoding=\"async\" class=\"wp-image-1821 alignleft\" alt=\"socijalni\" src=\"http:\/\/www.slatina.hr\/wp-content\/uploads\/2013\/04\/socijalni.jpg\" width=\"262\" height=\"197\" srcset=\"https:\/\/www.slatina.hr\/portal\/wp-content\/uploads\/2013\/04\/socijalni.jpg 547w, https:\/\/www.slatina.hr\/portal\/wp-content\/uploads\/2013\/04\/socijalni-300x225.jpg 300w, https:\/\/www.slatina.hr\/portal\/wp-content\/uploads\/2013\/04\/socijalni-195x146.jpg 195w, https:\/\/www.slatina.hr\/portal\/wp-content\/uploads\/2013\/04\/socijalni-50x37.jpg 50w, https:\/\/www.slatina.hr\/portal\/wp-content\/uploads\/2013\/04\/socijalni-100x75.jpg 100w\" sizes=\"auto, (max-width:767px) 262px, 262px\" \/><\/a>Centar za socijalnu skrb Slatina je javna ustanova koju je osnovala Republika Hrvatska u skladu sa Zakonom o socijalnoj skrbi u 1997. godini, koji je pravni sljednik ustanova socijalne skrbi koje su djelovale od izdvajanja djelatnosti iz djelokruga lokalne samouprave.<br \/>\nCentar je osnovan za podru\u010dje grada Slatine, op\u0107ine \u010ca\u0111avica, op\u0107ine Mikleu\u0161, op\u0107ine Nova Bukovica, op\u0107ine Sopje i op\u0107ine Vo\u0107in, s pripadaju\u0107im naseljima. Sjedi\u0161te Centra je u Slatini, Vladimira Nazora br. 5\/1.<br \/>\nCentar ima u svom sastavu Podru\u017enicu u Orahovici, koja je osnovana za podru\u010dje grada Orahovice, op\u0107ine Crnac, op\u0107ine \u010ca\u010dinci i op\u0107ine Zdenci s pripadaju\u0107im naseljima i Ured u Vo\u0107inu.<br \/>\nCentar rje\u0161ava u prvom stupnju o pravima iz socijalne skrbi, obiteljsko-pravne i kazneno-pravne za\u0161tite i drugim pravima u skladu s posebnim zakonima.<br \/>\nProvodi ovrhe svojih rje\u0161enja, vodi propisane o\u010devidnike, izdaje uvjerenja i druge potvrde, daje podatke o obiteljskim prilikama i mi\u0161ljenja i prijedloge u sudskim postupcima koji se odnose na obiteljsko-pravnu i kazneno-pravnu za\u0161titu, sudjeluje kao stranka ili umje\u0161a\u010d pred sudom i drugim dr\u017eavnim tijelima kada se radi o za\u0161titi osobnih interesa djece i drugih \u010dlanova obitelji koji se ne mogu brinuti o sebi ni o svojim pravima i interesima, obavlja poslove zbrinjavanja djece odbjegle iz obitelji ili ustanove, provodi odgojne mjere nad djecom s poreme\u0107ajima u pona\u0161anju izvan vlastite obitelji ili s boravkom u obitelji te obavlja djelatnosti pru\u017eanja pomo\u0107i i njege u ku\u0107i, nadzora nad udomiteljskim obiteljima, kao i druge stru\u010dne poslove. U Centru je trenutno zaposleno 9 stru\u010dnih djelatnika i 6 drugih djelatnika.<\/p>\n<h2>URED DR\u017dAVNE UPRAVE U VIROVITI\u010cKO-PODRAVSKOJ \u017dUPANIJI<\/h2>\n<p style=\"text-align: justify;\"><a href=\"http:\/\/www.slatina.hr\/wp-content\/uploads\/2013\/04\/uprava.jpg\"><img loading=\"lazy\" decoding=\"async\" class=\"wp-image-1822 alignleft\" alt=\"uprava\" src=\"http:\/\/www.slatina.hr\/wp-content\/uploads\/2013\/04\/uprava.jpg\" width=\"262\" height=\"197\" srcset=\"https:\/\/www.slatina.hr\/portal\/wp-content\/uploads\/2013\/04\/uprava.jpg 547w, https:\/\/www.slatina.hr\/portal\/wp-content\/uploads\/2013\/04\/uprava-300x225.jpg 300w, https:\/\/www.slatina.hr\/portal\/wp-content\/uploads\/2013\/04\/uprava-195x146.jpg 195w, https:\/\/www.slatina.hr\/portal\/wp-content\/uploads\/2013\/04\/uprava-50x37.jpg 50w, https:\/\/www.slatina.hr\/portal\/wp-content\/uploads\/2013\/04\/uprava-100x75.jpg 100w\" sizes=\"auto, (max-width:767px) 262px, 262px\" \/><\/a>Ured dr\u017eavne uprave u Viroviti\u010dko-podravskoj \u017eupaniji sa sjedi\u0161tem u Virovitici, Trg Ljudevita Pata\u010di\u0107a 1 ustrojen je Zakonom o sustavu dr\u017eavne uprave dana 08. srpnja 2001. godine. Radom Ureda upravlja predstojnik, a ustrojen je u pet slu\u017ebi kojima upravljaju pomo\u0107nici predstojnika i tri ispostave kojima upravljaju voditelji ispostave i to: Slu\u017eba za zajedni\u010dke poslove, Slu\u017eba za gospodarstvo, Slu\u017eba za prostorno ure\u0111enje, za\u0161titu okoli\u0161a i graditeljstvo, Slu\u017eba za dru\u0161tvene djelatnosti, Slu\u017eba za op\u0107u upravu i imovinsko-pravne poslove, Ispostava Slatina, Ispostava Orahovica i Ispostava Pitoma\u010da.<br \/>\nSveukupni okvirni broj slu\u017ebenika i namje\u0161tenika u Uredu je 115 zaposlenika.<br \/>\nU Ispostavi u Slatini ustrojeni su: Pododsjek za dru\u0161tvene djelatnosti i op\u0107u upravu, Pododsjek za gospodarstvo, imovinsko-pravne poslove i graditeljstvo i Odjeljak za zajedni\u010dke poslove. U Ispostavi u Slatini radi 22 djelatnika.<br \/>\nDjelatnost Ureda dr\u017eavne uprave u Viroviti\u010dko-podravskoj \u017eupaniji su upravni predmeti, neupravni predmeti te izdavanje potvrda i uvjerenja. Djelatnost obuhva\u0107a i poslove inspekcijskog nadzora (sanitarnog i vodopravnog inspektora) iz podru\u010dja gospodarstva, dru\u0161tvenih djelatnosti, prostornog ure\u0111enja i graditeljstva, imovinsko-pravnih poslova, op\u0107e uprave, nadzor nad zakonito\u0161\u0107u op\u0107ih akata predstavni\u010dkih tijela jedinica lokalne samouprave i jedinica (regionalne) samouprave i statistiku.<\/p>\n<h3>DR\u017dAVNA GEODETSKA UPRAVA, PODRU\u010cNI URED ZA KATASTAR VIROVITICA<\/h3>\n<p style=\"text-align: justify;\">Katastar Slatina kao institucija djeluje od 1953. godine. Trenutno je ustrojen kao Ispostava Slatina Podru\u010dnog ureda za katastar Virovitica, a nalazi se na adresi Trg sv. Josipa 10.<br \/>\nKatastar obavlja upravne i stru\u010dne poslove vezane uz evidenciju nekretnina, kao i tehni\u010dke poslove iz podru\u010dja geodetske struke. Katastar Slatina obavlja poslove za podru\u010dje grada Slatine i op\u0107ina: \u010ca\u0111avice, Mikleu\u0161a, Nove Bukovice, Sopja i Vo\u0107ina. U Katastru Slatina zaposleno je devet djelatnika.<\/p>\n<h2>JAVNA VATROGASNA POSTROJBA GRADA SLATINE<\/h2>\n<p style=\"text-align: justify;\"><a href=\"http:\/\/www.slatina.hr\/wp-content\/uploads\/2013\/04\/vatrogasci.jpg\"><img loading=\"lazy\" decoding=\"async\" class=\"wp-image-1823 alignleft\" alt=\"vatrogasci\" src=\"http:\/\/www.slatina.hr\/wp-content\/uploads\/2013\/04\/vatrogasci.jpg\" width=\"328\" height=\"180\" srcset=\"https:\/\/www.slatina.hr\/portal\/wp-content\/uploads\/2013\/04\/vatrogasci.jpg 410w, https:\/\/www.slatina.hr\/portal\/wp-content\/uploads\/2013\/04\/vatrogasci-300x165.jpg 300w, https:\/\/www.slatina.hr\/portal\/wp-content\/uploads\/2013\/04\/vatrogasci-260x143.jpg 260w, https:\/\/www.slatina.hr\/portal\/wp-content\/uploads\/2013\/04\/vatrogasci-50x27.jpg 50w, https:\/\/www.slatina.hr\/portal\/wp-content\/uploads\/2013\/04\/vatrogasci-137x75.jpg 137w\" sizes=\"auto, (max-width:767px) 328px, 328px\" \/><\/a>Zajedni\u010dka profesionalna vatrogasna jedinica osnovana je l964. godine za podru\u010dje op\u0107ine Podravska Slatina, a 1994. godine prelazi u Ministarstvo unutarnjih poslova kao vatrogasna postrojba Ministarstva unutarnjih poslova.<br \/>\nTemeljem Zakona o vatrogastvu iz 1999. godine, Gradsko poglavarstvo grada Slatine 21. prosinca 1999. godine donijelo je Odluku o osnivanju Javne vatrogasne postrojbe grada Slatine. Javna vatrogasna postrojba grada Slatine je javna ustanova jedinice lokalne samouprave koja u okviru svoje djelatnosti skrbi o potrebama i interesima gra\u0111ana na svom podru\u010dju za organiziranjem i djelovanjem u\u010dinkovite vatrogasne slu\u017ebe. Jednako tako pored ga\u0161enja po\u017eara i spa\u0161avanja ljudi i imovine ugro\u017eenih po\u017earom, pod vatrogasnom djelatno\u0161\u0107u podrazumijeva se i pru\u017eanje tehni\u010dke pomo\u0107i u nezgodama i opasnim situacijama te obavljanje i drugih poslova u nesre\u0107ama te ekolo\u0161kim i inim doga\u0111ajima kao \u0161to je pretovar opasnih tvari iz jednog prijevoznog sredstva u drugo, neutralizacija djelovanja opasnih tvari prilikom nesre\u0107a, crpljenje vode iz ni\u017ee potopljenih razina prilikom poplava, prijevoz vode usred elementarnih nepogoda te drugih sli\u010dnih slu\u010dajeva.<br \/>\nJavna vatrogasna postrojba grada Slatine ima uposleno 17 djelatnika.<br \/>\nJavna vatrogasna postrojba grada Slatine u postoje\u0107oj formaciji djeluje po broju vatrogasaca kao vatrogasna ispostava \u2013 VRSTA 1 s jednim voza\u010dem u smjeni, a broji ukupno 16 profesionalnih vatrogasaca, uklju\u010duju\u0107i i zapovjednika postrojbe.<\/p>\n<h3>VATROGASNA ZAJEDNICA GRADA SLATINE<\/h3>\n<p>Vatrogasna zajednica grada Slatine je stru\u010dna, humanitarna i izvanstrana\u010dka udruga od posebnog dru\u0161tvenog interesa, koja koordinira, usmjerava te rukovodi radom i aktivnostima svojih \u010dlanica, koja uklju\u010duju:<\/p>\n<p>1. DVD Slatina,<br \/>\n2. DVD Baki\u0107,<br \/>\n3. DVDo Sladojevci,<br \/>\n4. DVD Kozice,<br \/>\n5. DVD Sladojeva\u010dki Lug,<br \/>\n6. DVD Donji Meljani,<br \/>\n7. DVD Goleni\u0107<br \/>\n8. Javna vatrogasna postrojba Slatina.<\/p>\n<p style=\"text-align: justify;\"><a href=\"http:\/\/www.slatina.hr\/wp-content\/uploads\/2013\/04\/vatrogasci1.jpg\"><img loading=\"lazy\" decoding=\"async\" class=\"wp-image-1824 alignleft\" alt=\"vatrogasci1\" src=\"http:\/\/www.slatina.hr\/wp-content\/uploads\/2013\/04\/vatrogasci1.jpg\" width=\"262\" height=\"170\" srcset=\"https:\/\/www.slatina.hr\/portal\/wp-content\/uploads\/2013\/04\/vatrogasci1.jpg 547w, https:\/\/www.slatina.hr\/portal\/wp-content\/uploads\/2013\/04\/vatrogasci1-300x194.jpg 300w, https:\/\/www.slatina.hr\/portal\/wp-content\/uploads\/2013\/04\/vatrogasci1-226x146.jpg 226w, https:\/\/www.slatina.hr\/portal\/wp-content\/uploads\/2013\/04\/vatrogasci1-50x32.jpg 50w, https:\/\/www.slatina.hr\/portal\/wp-content\/uploads\/2013\/04\/vatrogasci1-116x75.jpg 116w\" sizes=\"auto, (max-width:767px) 262px, 262px\" \/><\/a>Vatrogasna zajednica grada Slatine proiza\u0161la je iz Vatrogasnog saveza op\u0107ine Slatina 1993. godine te djeluje sukladno Zakonu o vatrogastvu i Zakonu o udrugama, na podru\u010dju Grada Slatine i \u0161ire. Vatrogasna zajednica Grada Slatina obavlja svoje aktivnosti putem tijela Zajednice, koja \u010dine: Skup\u0161tina Zajednice, Upravni odbor, Nadzorni odbor, Zapovjedni\u0161tvo, predsjednik Zajednice i tajnik Zajednice. U Vatrogasnu zajednicu preko \u010dlanica DVD-a u\u010dlanjeno je cca 500 vatrogasaca, kao i cca 120 \u010dlanova vatrogasne mlade\u017ei.\n<\/p>\n<h2>TURISTI\u010cKA ZAJEDNICA GRADA SLATINE<\/h2>\n<p style=\"text-align: justify;\"><a href=\"http:\/\/www.slatina.hr\/wp-content\/uploads\/2013\/04\/tz1.jpg\"><img loading=\"lazy\" decoding=\"async\" class=\"size-full wp-image-929 alignleft\" alt=\"tz1\" src=\"http:\/\/www.slatina.hr\/wp-content\/uploads\/2013\/04\/tz1.jpg\" width=\"144\" height=\"150\" srcset=\"https:\/\/www.slatina.hr\/portal\/wp-content\/uploads\/2013\/04\/tz1.jpg 144w, https:\/\/www.slatina.hr\/portal\/wp-content\/uploads\/2013\/04\/tz1-140x146.jpg 140w, https:\/\/www.slatina.hr\/portal\/wp-content\/uploads\/2013\/04\/tz1-48x50.jpg 48w, https:\/\/www.slatina.hr\/portal\/wp-content\/uploads\/2013\/04\/tz1-72x75.jpg 72w\" sizes=\"auto, (max-width:767px) 144px, 144px\" \/><\/a>Osniva\u010dka Skup\u0161tina Turisti\u010dke zajednice grada Slatine na sjednici odr\u017eanoj 25. studenog 1994. godine donijela je Odluku o osnivanju Turisti\u010dke zajednice grada Slatine, a temeljem Zakona o turisti\u010dkim zajednicama i promicanju hrvatskog turizma. Iste godine Turisti\u010dka zajednica upisana je u Upisnik turisti\u010dkih zajednica Hrvatske. Po osnivanju, od grada Slatine je na kori\u0161tenje dobila prostor na Trgu svetog Josipa bb te zapo\u0161ljava jednog djelatnika. Turisti\u010dka zajednica ima predsjednika, kojega na prijedlog Gradskog poglavarstva bira Skup\u0161tina zajednice, koja bira odnosno imenuje i \u010dlanove Turisti\u010dkog vije\u0107a te Nadzornog odbora.<\/p>\n<p>Djelatnost Turisti\u010dke zajednice obuhva\u0107a:<\/p>\n<p style=\"text-align: justify;\">&#8211; poticanje, o\u010duvanje, unapre\u0111ivanje i promicanje svih postoje\u0107ih turisti\u010dkih potencijala<br \/>\n&#8211; poticanje, unapre\u0111ivanje i promicanje izvornih vrijednosti grada Slatine<br \/>\n&#8211; poticanje, koordinacija i organiziranje kulturnih, umjetni\u010dkih, \u0161portskih, gospodarskih i drugih priredaba koje pridonose oboga\u0107ivanju turisti\u010dke ponude grada<br \/>\n&#8211; poticanje za\u0161tite, odr\u017eavanja i obnove kulturno povijesnih spomenika i drugih materijalnih dobara od interesa za turizam i njihovo uklju\u010divanje u turisti\u010dku ponudu<br \/>\n&#8211; prikupljanje i obrada podataka o turisti\u010dkom prometu<br \/>\n&#8211; organiziranje nastupa na sajmovima i odnosi s javno\u0161\u0107u<br \/>\n&#8211; izrada izvje\u0161\u0107a i analiza<br \/>\n&#8211; poticanje i organiziranje akcije u cilju o\u010duvanja turisti\u010dkog prostora, unapre\u0111ivanje turisti\u010dkog okru\u017eja i za\u0161tite \u010dovjekova okoli\u0161a\u2026<\/p>\n<h3 style=\"text-align: justify;\">VJERSKE ZAJEDNICE U GRADU SLATINI<\/h3>\n<p style=\"text-align: justify;\">Prema popisu stanovni\u0161tva iz 2001.g., od ukupno 14.819 stanovnika Grada Slatine, njih 12.439 ili 84% izjasnili su se kao pripadnici Katoli\u010dke crkve, 1.529 ili 10% kao pripadnici Pravoslavne crkve, dok je pripadnika Adventisti\u010dke crkve ukupno 70 ili 0,5%. Od ostalih vjerskih zajednica tu su jo\u0161 pripadnici Islamske vjerske zajednice, kojoj pripada ukupno 38 ili 0,3% gra\u0111ana Grada Slatine te 33 ili 0,2% Jehovinih svjedoka. U gradu Slatini svoje \u0161tovatelje imaju jo\u0161 i Kalvinisti\u010dka crkva, Evangelisti\u010dka crkva, Baptisti\u010dka crkva, Grkokatoli\u010dka crkva te Evan\u0111eoska pentekostna crkva koja u Slatini djeluje od prosinca 2003.g.<\/p>\n","protected":false},"excerpt":{"rendered":"<p>DOM ZDRAVLJA VIROVITI\u010cKO-PODRAVSKE \u017dUPANIJE Dom zdravlja Viroviti\u010dko-podravske \u017eupanije ima sjedi\u0161te u Virovitici, Ljudevita Gaja 21, a osniva\u010d Doma zdravlja je Viroviti\u010dko-podravska \u017eupanija. Pri Domu zdravlja,<span class=\"excerpt-hellip\"> [\u2026]<\/span><\/p>\n","protected":false},"author":1,"featured_media":0,"parent":0,"menu_order":0,"comment_status":"closed","ping_status":"closed","template":"","meta":{"ngg_post_thumbnail":0,"footnotes":""},"class_list":["post-1817","page","type-page","status-publish","hentry"],"_links":{"self":[{"href":"https:\/\/www.slatina.hr\/portal\/wp-json\/wp\/v2\/pages\/1817","targetHints":{"allow":["GET"]}}],"collection":[{"href":"https:\/\/www.slatina.hr\/portal\/wp-json\/wp\/v2\/pages"}],"about":[{"href":"https:\/\/www.slatina.hr\/portal\/wp-json\/wp\/v2\/types\/page"}],"author":[{"embeddable":true,"href":"https:\/\/www.slatina.hr\/portal\/wp-json\/wp\/v2\/users\/1"}],"replies":[{"embeddable":true,"href":"https:\/\/www.slatina.hr\/portal\/wp-json\/wp\/v2\/comments?post=1817"}],"version-history":[{"count":0,"href":"https:\/\/www.slatina.hr\/portal\/wp-json\/wp\/v2\/pages\/1817\/revisions"}],"wp:attachment":[{"href":"https:\/\/www.slatina.hr\/portal\/wp-json\/wp\/v2\/media?parent=1817"}],"curies":[{"name":"wp","href":"https:\/\/api.w.org\/{rel}","templated":true}]}}