{"id":124249,"date":"2025-08-21T16:31:00","date_gmt":"2025-08-21T14:31:00","guid":{"rendered":"https:\/\/www.slatina.hr\/portal\/?page_id=124249"},"modified":"2025-08-21T16:31:00","modified_gmt":"2025-08-21T14:31:00","slug":"sumski-doprinos","status":"publish","type":"page","link":"https:\/\/www.slatina.hr\/portal\/sumski-doprinos\/","title":{"rendered":"\u0160umski doprinos"},"content":{"rendered":"<ul>\n<li><a href=\"https:\/\/www.slatina.hr\/portal\/wp-content\/uploads\/2025\/08\/Izvjesce-o-prikupljenim-i-utrosenim-sredstvima-sumskog-doprinosa-u-2024.-godini.pdf\">Izvje\u0161\u0107e o prikupljenim i utro\u0161enim sredstvima \u0161umskog doprinosa u 2024. godini (.pdf)<\/a><\/li>\n<\/ul>\n","protected":false},"excerpt":{"rendered":"<p>Izvje\u0161\u0107e o prikupljenim i utro\u0161enim sredstvima \u0161umskog doprinosa u 2024. godini (.pdf)<\/p>\n","protected":false},"author":1,"featured_media":-1,"parent":0,"menu_order":0,"comment_status":"closed","ping_status":"closed","template":"","meta":{"ngg_post_thumbnail":0,"footnotes":""},"class_list":["post-124249","page","type-page","status-publish","has-post-thumbnail","hentry"],"_links":{"self":[{"href":"https:\/\/www.slatina.hr\/portal\/wp-json\/wp\/v2\/pages\/124249","targetHints":{"allow":["GET"]}}],"collection":[{"href":"https:\/\/www.slatina.hr\/portal\/wp-json\/wp\/v2\/pages"}],"about":[{"href":"https:\/\/www.slatina.hr\/portal\/wp-json\/wp\/v2\/types\/page"}],"author":[{"embeddable":true,"href":"https:\/\/www.slatina.hr\/portal\/wp-json\/wp\/v2\/users\/1"}],"replies":[{"embeddable":true,"href":"https:\/\/www.slatina.hr\/portal\/wp-json\/wp\/v2\/comments?post=124249"}],"version-history":[{"count":1,"href":"https:\/\/www.slatina.hr\/portal\/wp-json\/wp\/v2\/pages\/124249\/revisions"}],"predecessor-version":[{"id":124252,"href":"https:\/\/www.slatina.hr\/portal\/wp-json\/wp\/v2\/pages\/124249\/revisions\/124252"}],"wp:featuredmedia":[{"embeddable":true,"href":"https:\/\/www.slatina.hr\/portal\/wp-json\/"}],"wp:attachment":[{"href":"https:\/\/www.slatina.hr\/portal\/wp-json\/wp\/v2\/media?parent=124249"}],"curies":[{"name":"wp","href":"https:\/\/api.w.org\/{rel}","templated":true}]}}